b. List the prime factors of b.
3, 13
Let g(h) = 2*h - 1. Let p be g(2). Suppose -1 = -q - 5*o - 0, 0 = p*q - 3*o - 3. Let z = 12 - q. What are the prime factors of z?
11
Let c(n) = 33*n**2 + n - 1. What are the prime factors of c(-3)?
293
Let o(i) = 22*i**2 - 4*i - 3. What are the prime factors of o(-2)?
3, 31
Suppose 13*a = 12*a + 14. Suppose -a - 9 = -s. What are the prime factors of s?
23
Let s be 0 + 0 - 2/(-1). Suppose 5*j = -s*x + 115, -j = 2*x + 3*j - 112. Suppose -3*k = 2*k - x. What are the prime factors of k?
2, 5
Let u(f) = -3*f**2 + 8*f**3 + 8*f**3 - 17*f**3 + 10*f - 2*f**2 + 14. List the prime factors of u(-7).
2, 3, 7
Let l be (-33 - 0)/((-6)/(-4)). List the prime factors of -3*(l/6 - -3).
2
Suppose 17 + 57 = 2*j. What are the prime factors of j?
37
Let p be -8*(-3 + 3/2). Suppose 0*o - p = -2*o. What are the prime factors of o?
2, 3
Let x be 60/18*(-6)/(-5). Suppose 4 = x*h - 28. List the prime factors of h.
2
Suppose -5*h = -69 + 9. What are the prime factors of (-268)/(-24) + (-2)/h?
11
List the prime factors of 3/(-4) + 655/20.
2
List the prime factors of (-6 - (4 - 8))*-42.
2, 3, 7
Let c(s) = s**2 + 2. Let t be c(-2). Suppose -3*i + 4*i = -5*v + 52, 2*i = -t. What are the prime factors of v?
11
Let v(p) = -4*p - 14. List the prime factors of v(-6).
2, 5
Let v(o) be the second derivative of -5*o**4/24 + 2*o**3/3 + 2*o**2 - 2*o. Let q(t) be the first derivative of v(t). List the prime factors of q(-3).
19
List the prime factors of (12/(-16))/(3/(-360)).
2, 3, 5
Suppose -13 = -6*z + 5*z. Let o = -8 - -3. Let r = o + z. List the prime factors of r.
2
Suppose 2*h - 3*g = 483, -5*g = -2*h + h + 245. Suppose -10*q = -6*q - h. List the prime factors of q.
2, 3, 5
Suppose 3*p - 162 = 4*o + 32, -5*o = -5*p + 315. What are the prime factors of (-2)/8 - p/(-8)?
7
Let h(t) = t**3 + 6*t**2 - 9*t + 6. List the prime factors of h(4).
2, 5, 13
Suppose 5*u - 10 + 0 = 0. Let i be u + -1 + 0 + 7. Suppose 0*q + 4*q = i. List the prime factors of q.
2
Suppose -5*m + 8*m - 5*o = 395, 0 = -o - 1. What are the prime factors of m?
2, 5, 13
Let z = 113 - 75. List the prime factors of z.
2, 19
Let q(w) = w**3 + 3*w**2 - 4*w + 3. Suppose 0 = -5*n + k + 14, 6*n - 4*n = -k. What are the prime factors of q(n)?
3, 5
Let w(s) = -2*s**2 - 16*s + 10. List the prime factors of w(-7).
2, 3
Let k(f) = -107*f**3 + f**2 + 2*f + 1. Let w be k(-1). Suppose 0 = -3*c - w + 272. Suppose 0 = -4*q - q + c. What are the prime factors of q?
11
Suppose -2*f + 72 = 2*x, 4*f - 132 = 4*x - 2*x. What are the prime factors of f?
2, 17
Let u(i) = -5*i - 1. What are the prime factors of u(-2)?
3
Let s(d) = -6*d - 16. Let q(i) = 0*i - 5*i - 11 - 4. Let r(t) = -7*q(t) + 6*s(t). List the prime factors of r(5).
2
Suppose -3*d + 61 = -2*d. Suppose -5*z + f + d = 0, 3*z - 21 = -f + 14. What are the prime factors of z?
2, 3
Let w = -46 - -73. Suppose 2 = b - 3*k + w, 3*b - 3*k + 81 = 0. What are the prime factors of b/(-3) + (-1)/3?
3
Suppose -6*x = -584 - 778. List the prime factors of x.
227
Let r(h) = h**3 - 5*h**2 + 6*h - 6. Let u be r(4). Let j be (-16)/(2/u) - 0. List the prime factors of (-92)/j - 3/(-12).
2, 3
Suppose 12*q = 15*q - 195. What are the prime factors of q?
5, 13
Suppose 4*q + 65 = 9*q. What are the prime factors of q?
13
Suppose -3*o + 20 = -4*s, 0*s - 5*s - 4*o = -6. Let n be (-4)/(-8)*(s + 2). Suppose -2*g + 26 + n = 0. What are the prime factors of g?
13
Suppose 5 = -5*i - 0. Let q(l) = -3*l**3 + l**2 - 1. Let s be q(i). Suppose -7 - s = -2*v. List the prime factors of v.
5
Let w be -3 - 27/3*-1. Suppose -5*t = -9 - w. What are the prime factors of t?
3
Suppose -5*g + 2*g + 3 = 0, 0 = y + 2*g - 27. List the prime factors of y.
5
Suppose 0*w = -4*w + 20, -w - 17 = -2*l. What are the prime factors of l?
11
Let l = -16 + 1. Let v be (3 - l/(-6))*0. List the prime factors of v/(2/(-1)) + 7.
7
Let n(r) = r**3 + 11*r**2 + 4*r + 3. What are the prime factors of n(-10)?
3, 7
What are the prime factors of (-1155)/(-12) - (-1 + 5/4)?
2, 3
Let h be (1 + -1)/(-2 + 0). Let q = h - -3. Suppose i - 4 = q. List the prime factors of i.
7
Suppose 15 = 4*v - 5*v + 3*p, -v - 4*p + 6 = 0. Let g = -8 + 20. Let z = v + g. What are the prime factors of z?
2, 3
Let v be (-15)/10*74/(-3). Let a = v + -24. What are the prime factors of a?
13
Suppose -16 = -g - 0*g. Suppose 4 = -3*p + g. List the prime factors of p.
2
Let g = -6 + 10. Suppose g = w - 10. List the prime factors of w.
2, 7
Suppose 5*a - 12 = -2*l, 5*l + 29 = 2*a + 1. Let n = l - -4. Let k(u) = u + 6. List the prime factors of k(n).
2, 3
Let y be 18/12*4/3. Let s(d) = -d**3 + 2*d**2 + 2*d - 2. What are the prime factors of s(y)?
2
Let v(y) = y**3 + 6*y**2 - 6*y + 8. Let i be v(-7). Let z = i + -4. List the prime factors of 170/15 - (-1)/z.
11
Suppose 3*g = 0, 0*g + 5*g + 70 = 5*o. Suppose 2*a = -2 + o. List the prime factors of a.
2, 3
Let l(k) be the second derivative of -k**3/2 - 7*k**2/2 - k. Let x = -90 - -83. List the prime factors of l(x).
2, 7
Let n be 2/5 + (-1228)/20. Let i = n + 111. List the prime factors of i.
2, 5
Suppose -3*z = -2*z + y - 2, -5*z - 2 = -y. Suppose 5 = 5*s - z. What are the prime factors of 2 - 12*(-1)/s?
2, 7
Let h be (-2)/4 + (-4)/(-8). Suppose h*f - 52 = -4*f. What are the prime factors of f?
13
Let a(f) = -6*f - 5. List the prime factors of a(-4).
19
Let i = 59 + -31. Let z be (-272)/i + 4/(-14). Let o = z - -13. List the prime factors of o.
3
Suppose 4*t = -2*j + 12, 1 = -t + 2. Let o(m) = m - 2. What are the prime factors of o(j)?
2
Let x(w) = 0*w**2 - w**3 + 0*w + 10*w**2 + w - 10. Let c be x(10). Suppose 0 = 3*h - 4*n - 54, c*h + h - 18 = 5*n. What are the prime factors of h?
2, 3
Let y = -18 + 30. Suppose 9 = 2*x + x. Suppose -x*l + 0*l + y = 0. List the prime factors of l.
2
Let h be 0/(-1) + (13 - 1). Suppose h = c - 4*w, 0*c + w + 3 = -c. Suppose c = 5*z - 26 - 29. List the prime factors of z.
11
Let k(d) = -d**3 - 13*d**2 - d - 13. Let q be k(-13). Suppose 2*v + 22 = 3*b - 0*v, -v + 4 = q. List the prime factors of b.
2, 5
Suppose 994 = 19*v - 12*v. What are the prime factors of v?
2, 71
Let w(h) = h + 2*h - h - 4. List the prime factors of w(11).
2, 3
Suppose -6 = a + 2*a. Let j = 22 - 21. List the prime factors of (6/(-4))/(j/a).
3
List the prime factors of (-18)/(-42) - (-348)/21.
17
Let q be (8 + -7)/((-2)/98). Let n = q + 74. List the prime factors of n.
5
Let g(c) = 3*c - 3. Let b be g(3). Suppose 0 = -0*m + m - 9. Suppose b*q = 3*q + m. List the prime factors of q.
3
Let q = 29 - -2. Let b = 43 - q. What are the prime factors of b?
2, 3
Suppose -27*i + 10 = -25*i. List the prime factors of i.
5
List the prime factors of (95/10)/(2/4).
19
Suppose 422 = 3*v - 205. List the prime factors of v.
11, 19
Let z be (2/(-6))/((-2)/(-30)). Let l(c) = -2*c + 11. List the prime factors of l(z).
3, 7
Let r be 138/5 + (-2)/(-5). Suppose 3*u - r = -10. List the prime factors of u.
2, 3
Let w = -29 + 44. List the prime factors of w.
3, 5
Let v = 18 - -30. What are the prime factors of v?
2, 3
Let h(p) = -2*p - 5. What are the prime factors of h(-6)?
7
Let d(l) = -l**2 + 9*l - 7. Suppose v = -3*v + 20. What are the prime factors of d(v)?
13
Suppose -4*z + 65 + 71 = 0. List the prime factors of z.
2, 17
Suppose 0 = 7*c - 4*c - 438. What are the prime factors of c?
2, 73
Suppose -10 = -4*k + 2*k. Suppose 1 = -r + h, -k*r - 4*h + 16 = -2*h. Suppose 1 - 7 = -r*c. List the prime factors of c.
3
Let z be (-4)/8*2*-15. Let y = -10 + z. What are the prime factors of y?
5
Suppose -2*u + 8 = 2*u. Let c = u - 0. Suppose -c*r - 40 = -4*q, 0*q = 2*q + 2*r - 26. List the prime factors of q.
11
Suppose -g - 144 = -5*g. What are the prime factors of g?
2, 3
Let a(h) = 4*h**3 + h**2 - 3*h + 2. Let p be a(1). Suppose 4*b - 2*s - 147 = 55, -p*s - 61 = -b. What are the prime factors of b?
7
Suppose -9 = 3*m + 18. Let o(u) = 1. Let s(l) = 3*l + 5. Let p(n) = -5*o(n) - s(n). List the prime factors of p(m).
17
Let l(z) = -z**3 + z**2 + z + 16. Let i be l(0). Let g = i + 0. Suppose -h + 1 = -g. What are the prime factors of h?
17
Let t(y) = -y**3 + 11*y**2 + 14*y - 1. What are the prime factors of t(12)?
23
Suppose -4*j - 2*n - 256 = 0, 2*j - 6 = n - 142. Let l = -41 - j. Suppose 2*v - l - 11 = 0. List the prime fa